s the remainder when b is divided by 99?
80
Let s = -436 + 439. Suppose s*y = 1318 - 415. What is the remainder when y is divided by 51?
46
Let u = -92 - -123. Suppose -5*n + 97 = 3*d - 4, -n - 5*d = -29. Calculate the remainder when u is divided by n.
12
Suppose -5*m - 2111 = -4*z + 259, 4*z + 2*m - 2328 = 0. Calculate the remainder when z is divided by 39.
0
Suppose 0 = -39*u + 36*u + 12, 3*u = -5*q + 297. Let r = -30 + 65. What is the remainder when q is divided by r?
22
Let f(g) = -7*g - 6. Let v be f(-6). Let n be (63/18)/((-2)/v). Let l = 59 - n. Calculate the remainder when l is divided by 31.
29
Let k = -1564 + 1743. Calculate the remainder when k is divided by 61.
57
Let k(v) = 16*v + 462. What is the remainder when k(5) is divided by 186?
170
Suppose -141*w + 13*w + 17667 = -11*w. Suppose 14 = 5*h - 196. Calculate the remainder when w is divided by h.
25
What is the remainder when 1038 is divided by 4026/27 + (22 - (-4776)/(-216))?
144
Let y = 105 - 18. Calculate the remainder when y is divided by 7/21*((-44)/2)/(28/(-42)).
10
Suppose -219092 = -89*i - 71174. What is the remainder when 3334 is divided by i?
10
Suppose -4*u + 9 = y - 72, -2*y + 156 = 5*u. What is the remainder when 120 is divided by y?
47
Let r = 32010 + -31724. Calculate the remainder when r is divided by (-29)/(0 + 1*-1).
25
Let i(o) be the third derivative of -o**6/24 + o**5/30 - o**4/24 - o**3/3 - 3*o**2. What is the remainder when i(-2) is divided by (5/1)/(-6 - (-6 + 16/(-80)))?
23
Let m(r) be the third derivative of r**4/8 - 10*r**3/3 - 4*r**2. Let l = 736 + -729. Calculate the remainder when m(10) is divided by l.
3
Suppose -6*g + 2*g - 15 = -5*a, 2*a - 4 = 2*g. Suppose 5*q - l - 237 = 0, -6*q - 4*l = -q - 252. Calculate the remainder when q is divided by a.
6
Suppose 70 = 10*y - 80. Suppose 7 + 0 = 7*c. What is the remainder when -5*c/((-10)/268) is divided by y?
14
Let v(w) = w**3 - w + 29. Let x be v(0). Suppose 0 = -o - x - 36. Let f = o + 69. Calculate the remainder when 35 is divided by f.
3
Suppose 3*a + 9*g - 79 = 4*g, 3*a - 82 = -2*g. Calculate the remainder when 111 is divided by a.
27
Let t(z) = z**2 - 110*z + 1233. What is the remainder when t(102) is divided by 19?
18
Let s = 138 - 547. Let w = -404 - s. What is the remainder when 29 is divided by w?
4
Let i(k) = -k**2 + 32*k - 153. Let v(w) = -w**3 + 10*w**2 - 20*w + 10. Let l be v(7). Calculate the remainder when i(l) is divided by 5.
2
Suppose 5*q - 136 = 4*p, 0*q - 23 = -q + 5*p. Suppose 621 = 15*u - 6*u. Let g = -59 + u. What is the remainder when q is divided by g?
8
Let z(m) = m**3 + 6*m**2 - 5*m. Let p(c) = -126*c - 247. Let s be p(-8). Let l = s + -614. What is the remainder when l is divided by z(-6)?
27
Let j = 15 - 10. Suppose 1046 = -5*n + 2*w - 1238, -j*n - 2*w = 2276. What is the remainder when 130 is divided by (n/133)/(4/(-14))?
10
Suppose -50*b - 250 = -1200. Let z = -42 - -55. Calculate the remainder when b is divided by z.
6
Let j(y) = 50*y + 1. Calculate the remainder when 31 - ((-600 - 24) + -7) is divided by j(1).
50
Let a(x) = x**3 - 48*x**2 - 99*x - 14. What is the remainder when 129 is divided by a(50)?
21
What is the remainder when (-2)/6 - 292/(-3) is divided by ((-22)/48)/(97/(-2328))?
9
Suppose 0 = -3*u + 16 + 41 + 18. Calculate the remainder when 153 is divided by u.
3
Let j(a) = 374*a - 5965. What is the remainder when j(19) is divided by 64?
53
Suppose 5*t = 30 - 5. Suppose -50 = -4*c + c + 2*w, c + 5 = t*w. Suppose -36*d - 675 = -45*d. What is the remainder when d is divided by c?
15
Let n = -82 - -82. Suppose -25*g + 146 + 254 = n. Calculate the remainder when g is divided by 5.
1
Let b(f) = f**3 + f**2 - f - 2. Let k be b(4). Let w = 44 - k. Calculate the remainder when 1/(((-2)/350)/(12/w)) is divided by 18.
16
Suppose -2*m = -5*z - 4287, -m = -10*z + 11*z - 2175. What is the remainder when m is divided by 196?
10
Let q(g) = -g - 2 - 5*g + 0 - 13*g. Let y be q(-3). Suppose c + 40 = 4*c + 2*s, -5*c + y = s. Calculate the remainder when c is divided by 6.
4
Let t be (-12)/(-15)*(-75)/10. Let x be ((-33)/(-22))/(t/14)*4. Calculate the remainder when 155 is divided by (-179)/(-7) + (-6)/x.
25
Suppose -3*m + 0*m + 10 = 2*z, 0 = 4*z - 4*m. Let s = 0 + z. Suppose -5*c - 5*y + 1 = -14, -18 = -s*c + y. Calculate the remainder when 69 is divided by c.
6
Let k = -7762 - -8032. Calculate the remainder when k is divided by 100.
70
Let b(p) = 39*p - 44. Let s be b(4). Let h = s - 54. What is the remainder when h is divided by 19?
1
Suppose 31*q + 126 = 32*q. Suppose q*f = 127*f - 32. Calculate the remainder when 92 is divided by f.
28
Let d(l) = -l + 12. Let o be d(12). Let h be 105/(-14)*(20/(-3) + o). Let b = -27 + h. What is the remainder when 87 is divided by b?
18
Suppose 0*m + 338 = m. Let g be m*4/8 - -3. Let a = g - 71. Calculate the remainder when a is divided by 21.
17
Let p = 4136 + -4021. What is the remainder when p is divided by 29?
28
Suppose -k - 2*k = -24. Suppose 4*v - k*v + 576 = 0. Let u = 202 - v. Calculate the remainder when u is divided by 12.
10
Let w be 3 - -4 - (-2 + 7). Calculate the remainder when 22 is divided by (-27 - -33)/(w/3).
4
What is the remainder when 7654 is divided by (-8)/(-1)*(-24)/(-8)?
22
Let n(x) = -37*x + 1933. Calculate the remainder when 69 is divided by n(52).
6
Suppose 0 = -5*f + 16*z - 14*z + 1005, 2*f = 4*z + 402. Calculate the remainder when f is divided by 111.
90
Let y be (-4)/18 - (-6720)/108. Let n = y + -54. Calculate the remainder when 263 is divided by n.
7
Let l = -13 + -2. Let s be -1*l/6*16/20. Suppose 3*h + 5*n = 364, -h - s*n - 264 = -3*h. What is the remainder when h is divided by 26?
24
Suppose 6*i = 10*i - 56. Let x(n) = -n**2 + 15*n - 10. Let p be x(i). Suppose 3*z = 3*g + 273, 6*g + 4 = p*g. Calculate the remainder when z is divided by 18.
17
Suppose 5*p = -g + 34, -4*p + 48 + 101 = 5*g. What is the remainder when g is divided by (8 + (222 - 11))/9 + (-4)/(-6)?
4
Calculate the remainder when 600/80 - (7 - 1) - 754/(-4) is divided by 37.
5
Let j be ((-4)/(-2))/((-1)/(-20)). Suppose 24 = 8*r - 8. What is the remainder when j/(-6)*(-54)/45 is divided by r?
0
Let k = -153 + 1823. Calculate the remainder when k is divided by 93.
89
Let l(y) = y**2 + 23*y + 160. What is the remainder when 2332 is divided by l(-14)?
20
Suppose 6*w - 2*w - 1611 = 3*s, -5*s + 15 = 0. Let z = w + -382. Calculate the remainder when 97 is divided by z.
5
Suppose 2*d = 61 + 3. Suppose 33*v + 2971 = 61*v - 445. What is the remainder when v is divided by d?
26
Suppose -45*d + 3180 + 645 = 0. Calculate the remainder when d is divided by 31.
23
Suppose 5*c = -19*x + 14*x + 4095, 0 = -5*x + 3*c + 4103. Calculate the remainder when x is divided by 78.
40
Let g(b) = 2*b**3 - 43*b**2 + 25*b - 22. Let l be 318/27 - (-6)/27. What is the remainder when g(21) is divided by 3 + (5*l)/2?
29
Let y(q) = q + 45. Let m(f) = f**3 + 23*f**2 + 15*f - 20. Calculate the remainder when m(-22) is divided by y(-9).
26
Let d = 145 + -146. Calculate the remainder when 15 is divided by 572/78 - d/(-3).
1
Let k = -16 + 57. Suppose -14*s = -1616 - 1786. Calculate the remainder when s is divided by k.
38
Let v be 14 + -3 - (-4)/6*6. Let c be ((-2)/1 - (v - 15)) + 67. Suppose 7*k = c + 40. What is the remainder when 24 is divided by k?
9
Suppose 5*f = -v + 130, 10*v + 3*f = 7*v + 438. Let p(t) = 7*t + 5. Calculate the remainder when v is divided by p(2).
17
Suppose -3*k + 3*a - 5*a + 237 = 0, -5*k - a = -402. Suppose -4*j + k = -j. Calculate the remainder when (3/(-4))/((15/(-1020))/1) is divided by j.
24
Let a(q) = -4*q**3 - q**2 + 2*q - 2. Suppose 8*t - 4 = 12. Let g be a(t). Let z = g + 51. What is the remainder when 59 is divided by z?
8
What is the remainder when 1256 is divided by (2 - 5) + (-2)/(54/(-1971))?
66
Let c(l) = 4*l**2 + 110*l + 161. Suppose -w - 3 = 0, -230 - 91 = -2*o + 5*w. Calculate the remainder when o is divided by c(-26).
3
What is the remainder when 6*(-2)/56*93200/150*-7 is divided by 25?
7
Let u = 9 + 28. Let z = 40 - u. Suppose z*y - 2*j - 21 = 0, y = -2*j - 2 + 1. Calculate the remainder when 7 is divided by y.
2
Let v(b) = 4*b**3 - 13*b**2 + 49*b - 138. Let l(m) = 16*m**2 - 2*m. Calculate the remainder when v(4) is divided by l(2).
4